{"id":27895,"date":"2022-03-21T11:27:34","date_gmt":"2022-03-21T11:27:34","guid":{"rendered":"http:\/\/aknurbal.com\/?post_type=product&#038;p=27895"},"modified":"2026-04-08T19:46:43","modified_gmt":"2026-04-08T19:46:43","slug":"cifte-kavrulmus-kayisi-lokumu","status":"publish","type":"product","link":"http:\/\/aknurbal.com\/?product=cifte-kavrulmus-kayisi-lokumu","title":{"rendered":"\u00c7\u0130FTE KAVRULMU\u015e KAYISI LOKUMU"},"content":{"rendered":"<p><img loading=\"lazy\" decoding=\"async\" class=\"alignnone size-medium wp-image-27875\" src=\"http:\/\/aknurbal.com\/wp-content\/uploads\/2021\/12\/cifte-kavrulmus-duble-lokum-kus-lokumu-378-17-B-300x213.jpg\" alt=\"\" width=\"300\" height=\"213\" srcset=\"http:\/\/aknurbal.com\/wp-content\/uploads\/2021\/12\/cifte-kavrulmus-duble-lokum-kus-lokumu-378-17-B-300x213.jpg 300w, http:\/\/aknurbal.com\/wp-content\/uploads\/2021\/12\/cifte-kavrulmus-duble-lokum-kus-lokumu-378-17-B-768x544.jpg 768w, http:\/\/aknurbal.com\/wp-content\/uploads\/2021\/12\/cifte-kavrulmus-duble-lokum-kus-lokumu-378-17-B-600x425.jpg 600w, http:\/\/aknurbal.com\/wp-content\/uploads\/2021\/12\/cifte-kavrulmus-duble-lokum-kus-lokumu-378-17-B.jpg 800w\" sizes=\"auto, (max-width: 300px) 100vw, 300px\" \/> <img loading=\"lazy\" decoding=\"async\" class=\"alignnone size-medium wp-image-27873\" src=\"http:\/\/aknurbal.com\/wp-content\/uploads\/2021\/12\/9956004102194-1-300x300.jpg\" alt=\"\" width=\"300\" height=\"300\" srcset=\"http:\/\/aknurbal.com\/wp-content\/uploads\/2021\/12\/9956004102194-1-300x300.jpg 300w, http:\/\/aknurbal.com\/wp-content\/uploads\/2021\/12\/9956004102194-1-150x150.jpg 150w, http:\/\/aknurbal.com\/wp-content\/uploads\/2021\/12\/9956004102194-1-64x64.jpg 64w, http:\/\/aknurbal.com\/wp-content\/uploads\/2021\/12\/9956004102194-1-160x160.jpg 160w, http:\/\/aknurbal.com\/wp-content\/uploads\/2021\/12\/9956004102194-1-100x100.jpg 100w, http:\/\/aknurbal.com\/wp-content\/uploads\/2021\/12\/9956004102194-1.jpg 375w\" sizes=\"auto, (max-width: 300px) 100vw, 300px\" \/> <img loading=\"lazy\" decoding=\"async\" class=\"alignnone size-full wp-image-27874\" src=\"http:\/\/aknurbal.com\/wp-content\/uploads\/2021\/12\/9956004102194.jpg\" alt=\"\" width=\"200\" height=\"200\" srcset=\"http:\/\/aknurbal.com\/wp-content\/uploads\/2021\/12\/9956004102194.jpg 200w, http:\/\/aknurbal.com\/wp-content\/uploads\/2021\/12\/9956004102194-150x150.jpg 150w, http:\/\/aknurbal.com\/wp-content\/uploads\/2021\/12\/9956004102194-64x64.jpg 64w, http:\/\/aknurbal.com\/wp-content\/uploads\/2021\/12\/9956004102194-160x160.jpg 160w, http:\/\/aknurbal.com\/wp-content\/uploads\/2021\/12\/9956004102194-300x300.jpg 300w, http:\/\/aknurbal.com\/wp-content\/uploads\/2021\/12\/9956004102194-100x100.jpg 100w\" sizes=\"auto, (max-width: 200px) 100vw, 200px\" \/><\/p>\n","protected":false},"excerpt":{"rendered":"","protected":false},"featured_media":27873,"comment_status":"open","ping_status":"closed","template":"","meta":{"_joinchat":[]},"product_brand":[],"product_cat":[68,66],"product_tag":[],"class_list":{"0":"post-27895","1":"product","2":"type-product","3":"status-publish","4":"has-post-thumbnail","6":"product_cat-lokum","7":"product_cat-yoresel-urunler","8":"has_thumb","10":"first","11":"instock","12":"sale","13":"shipping-taxable","14":"purchasable","15":"product-type-simple"},"_links":{"self":[{"href":"http:\/\/aknurbal.com\/index.php?rest_route=\/wp\/v2\/product\/27895","targetHints":{"allow":["GET"]}}],"collection":[{"href":"http:\/\/aknurbal.com\/index.php?rest_route=\/wp\/v2\/product"}],"about":[{"href":"http:\/\/aknurbal.com\/index.php?rest_route=\/wp\/v2\/types\/product"}],"replies":[{"embeddable":true,"href":"http:\/\/aknurbal.com\/index.php?rest_route=%2Fwp%2Fv2%2Fcomments&post=27895"}],"wp:featuredmedia":[{"embeddable":true,"href":"http:\/\/aknurbal.com\/index.php?rest_route=\/wp\/v2\/media\/27873"}],"wp:attachment":[{"href":"http:\/\/aknurbal.com\/index.php?rest_route=%2Fwp%2Fv2%2Fmedia&parent=27895"}],"wp:term":[{"taxonomy":"product_brand","embeddable":true,"href":"http:\/\/aknurbal.com\/index.php?rest_route=%2Fwp%2Fv2%2Fproduct_brand&post=27895"},{"taxonomy":"product_cat","embeddable":true,"href":"http:\/\/aknurbal.com\/index.php?rest_route=%2Fwp%2Fv2%2Fproduct_cat&post=27895"},{"taxonomy":"product_tag","embeddable":true,"href":"http:\/\/aknurbal.com\/index.php?rest_route=%2Fwp%2Fv2%2Fproduct_tag&post=27895"}],"curies":[{"name":"wp","href":"https:\/\/api.w.org\/{rel}","templated":true}]}}