{"id":27704,"date":"2020-08-29T08:30:00","date_gmt":"2020-08-29T08:30:00","guid":{"rendered":"http:\/\/aknurbal.com\/?post_type=product&#038;p=27704"},"modified":"2026-04-08T20:07:22","modified_gmt":"2026-04-08T20:07:22","slug":"ari-yemi-ari-keki","status":"publish","type":"product","link":"http:\/\/aknurbal.com\/?product=ari-yemi-ari-keki","title":{"rendered":"ARI YEM\u0130 ( ARI KEK\u0130)"},"content":{"rendered":"<p>ARI YEM\u0130 (ARI KEK\u0130) KI\u015eIN \u0130LKBAHAR\u00a0 VE SONBAHARDA VER\u0130LEN ARI YEM\u0130D\u0130R<\/p>\n","protected":false},"excerpt":{"rendered":"<p>ARI YEM\u0130 (ARI KEK\u0130) KI\u015eIN \u0130LKBAHAR\u00a0 VE SONBAHARDA VER\u0130LEN ARI YEM\u0130D\u0130R<\/p>\n","protected":false},"featured_media":27706,"comment_status":"open","ping_status":"closed","template":"","meta":{"_joinchat":[]},"product_brand":[],"product_cat":[74],"product_tag":[],"class_list":{"0":"post-27704","1":"product","2":"type-product","3":"status-publish","4":"has-post-thumbnail","6":"product_cat-aricilik-malzemeleri","7":"has_thumb","9":"first","10":"instock","11":"sale","12":"downloadable","13":"shipping-taxable","14":"purchasable","15":"product-type-simple"},"_links":{"self":[{"href":"http:\/\/aknurbal.com\/index.php?rest_route=\/wp\/v2\/product\/27704","targetHints":{"allow":["GET"]}}],"collection":[{"href":"http:\/\/aknurbal.com\/index.php?rest_route=\/wp\/v2\/product"}],"about":[{"href":"http:\/\/aknurbal.com\/index.php?rest_route=\/wp\/v2\/types\/product"}],"replies":[{"embeddable":true,"href":"http:\/\/aknurbal.com\/index.php?rest_route=%2Fwp%2Fv2%2Fcomments&post=27704"}],"wp:featuredmedia":[{"embeddable":true,"href":"http:\/\/aknurbal.com\/index.php?rest_route=\/wp\/v2\/media\/27706"}],"wp:attachment":[{"href":"http:\/\/aknurbal.com\/index.php?rest_route=%2Fwp%2Fv2%2Fmedia&parent=27704"}],"wp:term":[{"taxonomy":"product_brand","embeddable":true,"href":"http:\/\/aknurbal.com\/index.php?rest_route=%2Fwp%2Fv2%2Fproduct_brand&post=27704"},{"taxonomy":"product_cat","embeddable":true,"href":"http:\/\/aknurbal.com\/index.php?rest_route=%2Fwp%2Fv2%2Fproduct_cat&post=27704"},{"taxonomy":"product_tag","embeddable":true,"href":"http:\/\/aknurbal.com\/index.php?rest_route=%2Fwp%2Fv2%2Fproduct_tag&post=27704"}],"curies":[{"name":"wp","href":"https:\/\/api.w.org\/{rel}","templated":true}]}}