{"id":1047,"date":"2020-06-04T20:34:22","date_gmt":"2020-06-04T20:34:22","guid":{"rendered":"http:\/\/www.yuvamlife.com\/?page_id=1047"},"modified":"2020-09-07T10:36:50","modified_gmt":"2020-09-07T10:36:50","slug":"cerez-politikamiz","status":"publish","type":"page","link":"http:\/\/aknurbal.com\/?page_id=1047","title":{"rendered":"\u00c7erez Politikam\u0131z"},"content":{"rendered":"<ol>\n<li><strong>\u00c7erez Nedir?<\/strong><\/li>\n<\/ol>\n<p>\u00c7erezler, standart internet g\u00fcnl\u00fcklerini (loglar) ve ziyaret\u00e7i davran\u0131\u015f bilgilerini toplamak i\u00e7in ziyaret etti\u011finiz siteler taraf\u0131ndan bilgisayar\u0131n\u0131za ya da ak\u0131ll\u0131 telefon, tablet gibi mobil cihazlar\u0131n\u0131za kaydedilen k\u00fc\u00e7\u00fck metin dosyalar\u0131d\u0131r. \u00c7erezler genellikle geldikleri internet sitelerinin ismini, \u00e7erezin cihaz\u0131n\u0131zda ne kadar s\u00fcre kalaca\u011f\u0131n\u0131 ve rastgele verilmi\u015f bir say\u0131dan olu\u015fan bir de\u011fer i\u00e7erirler. Daha fazla bilgi i\u00e7in\u00a0<a href=\"http:\/\/www.aboutcookies.org\/\">www.aboutcookies.org<\/a>\u00a0veya\u00a0<a href=\"http:\/\/www.allaboutcookies.org\/\">www.allaboutcookies.org<\/a>\u00a0adresini ziyaret edebilirsiniz.<\/p>\n<ol start=\"2\">\n<li><strong>\u00c7erezlerin Kullan\u0131m Amac\u0131 Nedir?<\/strong><\/li>\n<\/ol>\n<p>\u00c7erezler ziyaret\u00e7ilerin web sitesini kullanma \u015fekli ve web sitesi faaliyetleriyle ilgili istatistiksel bilgileri derlemek i\u00e7in kullan\u0131l\u0131r. \u0130nternet siteleri bu \u00e7erez dosyalar\u0131n\u0131 okuyup yazabilir ve bu sayede size daha uygun bir internet sitesi sunulmas\u0131 amac\u0131yla sizinle ilgili \u00f6nemli bilgilerin hat\u0131rlanmas\u0131n\u0131 sa\u011flar (tercih ayarlar\u0131n\u0131z\u0131n hat\u0131rlanmas\u0131 gibi).<\/p>\n<ol start=\"3\">\n<li><strong>\u00c7erez T\u00fcrleri Nelerdir?<\/strong><\/li>\n<\/ol>\n<p><strong>Kullan\u0131m s\u00fcresine g\u00f6re \u00e7erez \u00e7e\u015fitleri:<\/strong>\u00a0oturum \u00e7erezleri ve kal\u0131c\u0131 \u00e7erezler olarak ikiye ayr\u0131lmaktad\u0131r. Oturum \u00e7erezi, taray\u0131c\u0131n\u0131z\u0131 kapatt\u0131\u011f\u0131n\u0131zda sona erer. Kal\u0131c\u0131 \u00e7erez ise sabit diskinizde uzun bir s\u00fcre veya s\u00fcresiz olarak kal\u0131r.<\/p>\n<p><strong>Sahibine g\u00f6re \u00e7erez \u00e7e\u015fitleri:<\/strong>\u00a0birinci taraf ve \u00fc\u00e7\u00fcnc\u00fc taraf \u00e7erezler olarak ikiye ayr\u0131l\u0131r. Birincisi ziyaret edilen web sitesinin kendisi taraf\u0131ndan kullan\u0131lan \u00e7erezleri, ikincisi ise veri analizi vb. bir konuda i\u015fbirli\u011fi yap\u0131lan ba\u015fka bir firman\u0131n \u00e7erezleridir. \u00a0Tedarik\u00e7ilerin de hizmetlerini sunabilmeleri i\u00e7in sitemizi ziyaret etti\u011finizde, bizim yerimize cihazlar\u0131n\u0131za \u00e7erez kaydetmelerine izin verebiliriz. Bu \u00e7erezler hakk\u0131nda daha fazla bilgi edinmek ve bu \u00e7erezlerin nas\u0131l kontrol edilece\u011fine ili\u015fkin ayr\u0131nt\u0131l\u0131 bilgi i\u00e7in, l\u00fctfen bu \u00fc\u00e7\u00fcnc\u00fc ki\u015filerin gizlilik politikalar\u0131n\u0131 inceleyiniz.<\/p>\n<p><strong>Kullan\u0131m ama\u00e7lar\u0131na g\u00f6re \u00e7erez \u00e7e\u015fitleri:<\/strong>\u00a0teknik \u00e7erezler, do\u011frulama \u00e7erezleri, Flash \u00e7erezleri, ki\u015fiselle\u015ftirme \u00e7erezleri ve analitik \u00e7erezler olarak say\u0131labilir.<\/p>\n<table>\n<tbody>\n<tr>\n<td><strong>\u00c7EREZ<\/strong><\/td>\n<td><strong>KULLANIM ALANI<\/strong><\/td>\n<\/tr>\n<tr>\n<td><strong>Teknik \u00c7erezler<\/strong><\/td>\n<td>Teknik \u00e7erezlerle sitenin \u00e7al\u0131\u015fmas\u0131 sa\u011flanmakta, \u00e7al\u0131\u015fmayan sayfalar ve alanlar tespit edilmektedir.<\/td>\n<\/tr>\n<tr>\n<td><strong>Kimlik Do\u011frulama \u00c7erezleri<\/strong><\/td>\n<td>Ziyaret\u00e7iler, \u015fifrelerini kullanarak siteye giri\u015f yapmalar\u0131 durumunda, bu t\u00fcr \u00e7erezlerle ziyaret\u00e7inin sitede ziyaret etti\u011fi her bir sayfada site kullan\u0131c\u0131s\u0131 oldu\u011fu belirlenerek, kullan\u0131c\u0131n\u0131n her sayfada \u015fifresini yeniden girmesi \u00f6nlenir.<\/td>\n<\/tr>\n<tr>\n<td><strong>Flash \u00c7erezleri<\/strong><\/td>\n<td>Sitede yer alan g\u00f6r\u00fcnt\u00fc veya ses i\u00e7eriklerini etkinle\u015ftirmek i\u00e7in kullan\u0131lan bir \u00e7erez t\u00fcr\u00fcd\u00fcr.<\/td>\n<\/tr>\n<tr>\n<td><strong>Ki\u015fiselle\u015ftirme \u00c7erezleri<\/strong><\/td>\n<td>Kullan\u0131c\u0131lar\u0131n tercihlerini farkl\u0131 internet sitesinin farkl\u0131 sayfalar\u0131n\u0131 ziyarette de hat\u0131rlamak i\u00e7in kullan\u0131lan \u00e7erezlerdir. \u00d6rne\u011fin, se\u00e7mi\u015f oldu\u011funuz dil tercihinizin hat\u0131rlanmas\u0131.<\/td>\n<\/tr>\n<tr>\n<td><strong>Analitik \u00c7erezler<\/strong><\/td>\n<td>Analitik \u00e7erezler ile siteyi ziyaret edenlerin say\u0131lar\u0131, sitede g\u00f6r\u00fcnt\u00fclenen sayfalar\u0131n tespiti, site ziyaret saatleri, internet sitesi sayfalar\u0131 kayd\u0131rma hareketleri gibi analitik istatistiksel raporlar\u0131n \u00fcretimini sa\u011flayan \u00e7erezlerdir.<\/td>\n<\/tr>\n<\/tbody>\n<\/table>\n<ol start=\"4\">\n<li><strong>aknurbal.com \u00c7erezleri Nas\u0131l Kullan\u0131r?<\/strong><\/li>\n<\/ol>\n<p>Yuvamlife.com, a\u00e7\u0131k r\u0131zan\u0131z\u0131 almad\u0131k\u00e7a (A\u00e7\u0131k r\u0131za onay\u0131n\u0131z sitemize \u00fcyelik, hizmetlerimizle ilgili bir form doldurma vb. s\u00fcre\u00e7lerde al\u0131nmaktad\u0131r)\u00a0\u00a0\u00e7erezleri ki\u015fisel bilgilerinizi (\u00f6r; isim, adres, e-posta, telefon vb.) elde etmek i\u00e7in kullanmaz. \u00c7erezleri, sitemizin daha kolay kullan\u0131lmas\u0131, internet sayfas\u0131 ak\u0131\u015f\u0131n\u0131n analiz edilmesi, i\u00e7erik ve reklamlar\u0131m\u0131z\u0131n \u00f6l\u00e7\u00fclmesi ve site g\u00fcvenli\u011fimizin geli\u015ftirmesi i\u00e7in kullan\u0131yoruz. \u00c7erezler ayr\u0131ca, <strong>aknurbal.com<\/strong> \u00fczerindeki hareketlerinizin h\u0131zlanmas\u0131na da yard\u0131mc\u0131 olur. Bunlara ek olarak, ziyaret\u00e7ilerimizin sitemizi nas\u0131l kulland\u0131\u011f\u0131n\u0131 anlamak ve sitemizin tasar\u0131m\u0131n\u0131 ve kullan\u0131\u015fl\u0131l\u0131\u011f\u0131n\u0131 geli\u015ftirmek amac\u0131yla istatistiksel bilgiler toplamak i\u00e7in de kullan\u0131r\u0131z.<\/p>\n<ol start=\"5\">\n<li><strong>\u00c7erezleri Kald\u0131rabilir Miyim?<\/strong><\/li>\n<\/ol>\n<p>\u0130nternet taray\u0131c\u0131lar\u0131 her zaman \u00e7erezleri kabul edecek \u015fekilde kuruludur. Taray\u0131c\u0131n\u0131z\u0131 \u00e7erezleri kabul etmeyecek \u015fekilde ayarlayabilir veya var olan \u00e7erezleri silebilirsiniz. Ancak, bunun bir sonucu olarak, teknik nedenlerle, baz\u0131 durumlarda web sitemizin baz\u0131 \u00f6zellikleri \u00e7al\u0131\u015fmayabilir. \u00a0\u00d6te yandan \u00e7erezler olmadan internet sitemizi her zaman g\u00f6r\u00fcnt\u00fcleyebilirsiniz. Bu ayarlar\u0131n nas\u0131l de\u011fi\u015ftirilece\u011fini \u00f6\u011frenmek i\u00e7in l\u00fctfen taray\u0131c\u0131n\u0131z\u0131n yard\u0131m fonksiyonunu kullan\u0131n\u0131z. A\u015fa\u011f\u0131da bu ayarlara nas\u0131l ula\u015faca\u011f\u0131n\u0131zla ilgili bilgiler mevcuttur.<\/p>\n<table>\n<tbody>\n<tr>\n<td>\u00a0Adobe Analytics<\/td>\n<td><a href=\"http:\/\/www.adobe.com\/tr\/privacy\/opt-out.html\">http:\/\/www.adobe.com\/tr\/privacy\/opt-out.html<\/a><\/td>\n<\/tr>\n<tr>\n<td>AOL<\/td>\n<td><a href=\"https:\/\/help.aol.com\/articles\/restore-security-settings-and-enable-cookie-settings-on-browser\">https:\/\/help.aol.com\/articles\/restore-security-settings-and-enable-cookie-settings-on-browser<\/a><\/td>\n<\/tr>\n<tr>\n<td>Google Adwords<\/td>\n<td><a href=\"https:\/\/support.google.com\/ads\/answer\/2662922?hl=en\">https:\/\/support.google.com\/ads\/answer\/2662922?hl=en<\/a><\/td>\n<\/tr>\n<tr>\n<td>Google Analytics<\/td>\n<td><a href=\"https:\/\/tools.google.com\/dlpage\/gaoptout\">https:\/\/tools.google.com\/dlpage\/gaoptout<\/a><\/td>\n<\/tr>\n<tr>\n<td>Google Chrome<\/td>\n<td><a href=\"http:\/\/www.google.com\/support\/chrome\/bin\/answer.py?hl=en&amp;answer=95647\">http:\/\/www.google.com\/support\/chrome\/bin\/answer.py?hl=en&amp;answer=95647<\/a><\/td>\n<\/tr>\n<tr>\n<td>Internet Explorer<\/td>\n<td><a href=\"https:\/\/support.microsoft.com\/en-us\/help\/17442\/windows-internet-explorer-delete-manage-cookies\">https:\/\/support.microsoft.com\/en-us\/help\/17442\/windows-internet-explorer-delete-manage-cookies<\/a><\/td>\n<\/tr>\n<tr>\n<td>Mozilla Firefox<\/td>\n<td><a href=\"http:\/\/support.mozilla.com\/en-US\/kb\/Cookies\">http:\/\/support.mozilla.com\/en-US\/kb\/Cookies<\/a><\/td>\n<\/tr>\n<tr>\n<td>Opera<\/td>\n<td><a href=\"http:\/\/www.opera.com\/browser\/tutorials\/security\/privacy\/\">http:\/\/www.opera.com\/browser\/tutorials\/security\/privacy\/<\/a><\/td>\n<\/tr>\n<tr>\n<td>Safari<\/td>\n<td><a href=\"https:\/\/support.apple.com\/kb\/ph19214?locale=tr_TR\">https:\/\/support.apple.com\/kb\/ph19214?locale=tr_TR<\/a><\/td>\n<\/tr>\n<\/tbody>\n<\/table>\n<p>\u00c7erezleri nas\u0131l kald\u0131raca\u011f\u0131n\u0131za ili\u015fkin daha ayr\u0131nt\u0131l\u0131 bilgiye i\u00e7in\u00a0<a href=\"http:\/\/www.aboutcookies.org\/\">www.aboutcookies.org<\/a>\u00a0veya\u00a0<a href=\"http:\/\/www.allaboutcookies.org\/\">www.allaboutcookies.org<\/a>\u00a0sitelerinden eri\u015febilirsiniz.<\/p>\n","protected":false},"excerpt":{"rendered":"<p>\u00c7erez Nedir? \u00c7erezler, standart internet g\u00fcnl\u00fcklerini (loglar) ve ziyaret\u00e7i davran\u0131\u015f bilgilerini toplamak i\u00e7in ziyaret etti\u011finiz siteler taraf\u0131ndan bilgisayar\u0131n\u0131za ya da ak\u0131ll\u0131 telefon, tablet gibi mobil cihazlar\u0131n\u0131za kaydedilen k\u00fc\u00e7\u00fck metin dosyalar\u0131d\u0131r. \u00c7erezler genellikle geldikleri internet sitelerinin ismini, \u00e7erezin cihaz\u0131n\u0131zda ne kadar s\u00fcre kalaca\u011f\u0131n\u0131 ve rastgele verilmi\u015f bir say\u0131dan olu\u015fan bir de\u011fer i\u00e7erirler. Daha fazla bilgi i\u00e7in\u00a0www.aboutcookies.org\u00a0veya\u00a0www.allaboutcookies.org\u00a0adresini ziyaret edebilirsiniz. \u00c7erezlerin Kullan\u0131m Amac\u0131 Nedir? \u00c7erezler ziyaret\u00e7ilerin web sitesini kullanma \u015fekli ve web sitesi faaliyetleriyle ilgili istatistiksel bilgileri derlemek i\u00e7in kullan\u0131l\u0131r. \u0130nternet siteleri bu \u00e7erez dosyalar\u0131n\u0131 okuyup yazabilir ve bu sayede size daha uygun bir internet sitesi sunulmas\u0131 amac\u0131yla sizinle ilgili \u00f6nemli bilgilerin hat\u0131rlanmas\u0131n\u0131 <\/p>\n","protected":false},"author":1,"featured_media":0,"parent":0,"menu_order":0,"comment_status":"closed","ping_status":"closed","template":"","meta":{"_joinchat":[],"footnotes":""},"class_list":["post-1047","page","type-page","status-publish","hentry"],"_links":{"self":[{"href":"http:\/\/aknurbal.com\/index.php?rest_route=\/wp\/v2\/pages\/1047","targetHints":{"allow":["GET"]}}],"collection":[{"href":"http:\/\/aknurbal.com\/index.php?rest_route=\/wp\/v2\/pages"}],"about":[{"href":"http:\/\/aknurbal.com\/index.php?rest_route=\/wp\/v2\/types\/page"}],"author":[{"embeddable":true,"href":"http:\/\/aknurbal.com\/index.php?rest_route=\/wp\/v2\/users\/1"}],"replies":[{"embeddable":true,"href":"http:\/\/aknurbal.com\/index.php?rest_route=%2Fwp%2Fv2%2Fcomments&post=1047"}],"version-history":[{"count":1,"href":"http:\/\/aknurbal.com\/index.php?rest_route=\/wp\/v2\/pages\/1047\/revisions"}],"predecessor-version":[{"id":27721,"href":"http:\/\/aknurbal.com\/index.php?rest_route=\/wp\/v2\/pages\/1047\/revisions\/27721"}],"wp:attachment":[{"href":"http:\/\/aknurbal.com\/index.php?rest_route=%2Fwp%2Fv2%2Fmedia&parent=1047"}],"curies":[{"name":"wp","href":"https:\/\/api.w.org\/{rel}","templated":true}]}}