{"id":1032,"date":"2020-06-04T19:48:28","date_gmt":"2020-06-04T19:48:28","guid":{"rendered":"http:\/\/www.yuvamlife.com\/?page_id=1027"},"modified":"2021-09-11T11:15:19","modified_gmt":"2021-09-11T11:15:19","slug":"iletisim","status":"publish","type":"page","link":"http:\/\/aknurbal.com\/?page_id=1032","title":{"rendered":"\u0130leti\u015fim"},"content":{"rendered":"<p>https:\/\/goo.gl\/maps\/f1bpkmy8kpkq8egj9<\/p>\n\n<div class=\"wpcf7 no-js\" id=\"wpcf7-f27597-o1\" lang=\"tr-TR\" dir=\"ltr\" data-wpcf7-id=\"27597\">\n<div class=\"screen-reader-response\"><p role=\"status\" aria-live=\"polite\" aria-atomic=\"true\"><\/p> <ul><\/ul><\/div>\n<form action=\"\/index.php?rest_route=%2Fwp%2Fv2%2Fpages%2F1032#wpcf7-f27597-o1\" method=\"post\" class=\"wpcf7-form init\" aria-label=\"\u0130leti\u015fim Formu\" novalidate=\"novalidate\" data-status=\"init\">\n<fieldset class=\"hidden-fields-container\"><input type=\"hidden\" name=\"_wpcf7\" value=\"27597\" \/><input type=\"hidden\" name=\"_wpcf7_version\" value=\"6.1.5\" \/><input type=\"hidden\" name=\"_wpcf7_locale\" value=\"tr_TR\" \/><input type=\"hidden\" name=\"_wpcf7_unit_tag\" value=\"wpcf7-f27597-o1\" \/><input type=\"hidden\" name=\"_wpcf7_container_post\" value=\"0\" \/><input type=\"hidden\" name=\"_wpcf7_posted_data_hash\" value=\"\" \/>\n<\/fieldset>\n<p><label> Ad\u0131n\u0131z (gerekli)<br \/>\n<span class=\"wpcf7-form-control-wrap\" data-name=\"your-name\"><input size=\"40\" maxlength=\"400\" class=\"wpcf7-form-control wpcf7-text wpcf7-validates-as-required\" aria-required=\"true\" aria-invalid=\"false\" value=\"\" type=\"text\" name=\"your-name\" \/><\/span> <\/label>\n<\/p>\n<p><label> E-posta adresiniz (gerekli)<br \/>\n<span class=\"wpcf7-form-control-wrap\" data-name=\"your-email\"><input size=\"40\" maxlength=\"400\" class=\"wpcf7-form-control wpcf7-email wpcf7-validates-as-required wpcf7-text wpcf7-validates-as-email\" aria-required=\"true\" aria-invalid=\"false\" value=\"\" type=\"email\" name=\"your-email\" \/><\/span> <\/label>\n<\/p>\n<p><label> Konu<br \/>\n<span class=\"wpcf7-form-control-wrap\" data-name=\"your-subject\"><input size=\"40\" maxlength=\"400\" class=\"wpcf7-form-control wpcf7-text\" aria-invalid=\"false\" value=\"\" type=\"text\" name=\"your-subject\" \/><\/span> <\/label>\n<\/p>\n<p><label> \u0130letiniz<br \/>\n<span class=\"wpcf7-form-control-wrap\" data-name=\"your-message\"><textarea cols=\"40\" rows=\"10\" maxlength=\"2000\" class=\"wpcf7-form-control wpcf7-textarea\" aria-invalid=\"false\" name=\"your-message\"><\/textarea><\/span> <\/label>\n<\/p>\n<p><input class=\"wpcf7-form-control wpcf7-submit has-spinner\" type=\"submit\" value=\"G\u00f6nder\" \/>\n<\/p><div class=\"wpcf7-response-output\" aria-hidden=\"true\"><\/div>\n<\/form>\n<\/div>\n\n<p>\u00a0<\/p>\n<p><strong>Telefon :<\/strong>+90 535 404 68 10<\/p>\n<p>\u00a0<\/p>\n<p style=\"text-align: center;\"><a href=\"mailto:%0diletisim@yuvamlife.com%0d\">iletisim@aknurbal.com<\/a><\/p>\n<p style=\"text-align: center;\">\u00a0<\/p>\n<p style=\"text-align: center;\"><strong>Genel M\u00fcd\u00fcrl\u00fck:<\/strong><\/p>\n<p style=\"text-align: center;\">Firma \u00dcnvan\u0131 : AKNUR BAL<\/p>\n<p style=\"text-align: center;\">Adresi :<\/p>\n<p style=\"text-align: center;\">Malatya\/Ye\u015filyurt<\/p>\n<p style=\"text-align: center;\">Telefon :\u00a0<\/p>\n<p style=\"text-align: center;\">Beyda\u011f\u0131 VD:347 3896 6512<\/p>\n<p style=\"text-align: center;\">Eposta adresi :iletisim@aknurbal.com<\/p>\n\n\n<p><\/p>\n","protected":false},"excerpt":{"rendered":"<p>https:\/\/goo.gl\/maps\/f1bpkmy8kpkq8egj9 \u00a0 Telefon :+90 535 404 68 10 \u00a0 iletisim@aknurbal.com \u00a0 Genel M\u00fcd\u00fcrl\u00fck: Firma \u00dcnvan\u0131 : AKNUR BAL Adresi : Malatya\/Ye\u015filyurt Telefon :\u00a0 Beyda\u011f\u0131 VD:347 3896 6512 Eposta adresi :iletisim@aknurbal.com<\/p>\n","protected":false},"author":1,"featured_media":0,"parent":0,"menu_order":0,"comment_status":"closed","ping_status":"closed","template":"","meta":{"_joinchat":[],"footnotes":""},"class_list":["post-1032","page","type-page","status-publish","hentry"],"_links":{"self":[{"href":"http:\/\/aknurbal.com\/index.php?rest_route=\/wp\/v2\/pages\/1032","targetHints":{"allow":["GET"]}}],"collection":[{"href":"http:\/\/aknurbal.com\/index.php?rest_route=\/wp\/v2\/pages"}],"about":[{"href":"http:\/\/aknurbal.com\/index.php?rest_route=\/wp\/v2\/types\/page"}],"author":[{"embeddable":true,"href":"http:\/\/aknurbal.com\/index.php?rest_route=\/wp\/v2\/users\/1"}],"replies":[{"embeddable":true,"href":"http:\/\/aknurbal.com\/index.php?rest_route=%2Fwp%2Fv2%2Fcomments&post=1032"}],"version-history":[{"count":4,"href":"http:\/\/aknurbal.com\/index.php?rest_route=\/wp\/v2\/pages\/1032\/revisions"}],"predecessor-version":[{"id":27789,"href":"http:\/\/aknurbal.com\/index.php?rest_route=\/wp\/v2\/pages\/1032\/revisions\/27789"}],"wp:attachment":[{"href":"http:\/\/aknurbal.com\/index.php?rest_route=%2Fwp%2Fv2%2Fmedia&parent=1032"}],"curies":[{"name":"wp","href":"https:\/\/api.w.org\/{rel}","templated":true}]}}